the prime factors of p?
2, 13
Let h(q) be the third derivative of -q**5/60 - q**4/8 + q**3/3 + q**2. Let m be h(-3). Suppose 17 = -m*z + 49. List the prime factors of z.
2
Suppose p = 3*p - 104. List the prime factors of p.
2, 13
Let y(s) = s**3 + 2*s - 1. Let n be y(1). Let l(t) = 2*t**2 + 3 + 2 + 0*t**n - t - 4. What are the prime factors of l(1)?
2
Suppose -z = z - 6. Suppose -u - 6*n + n + z = 0, 5*n + 43 = u. List the prime factors of u.
23
Suppose d + 22 = 3*d. Suppose p - 8 = 4*q, -d = -p + 8*q - 3*q. List the prime factors of 2*p*1/(-1).
2
Let a(s) = 2*s**2 - s. Let k(x) = x. Let w be k(3). What are the prime factors of a(w)?
3, 5
List the prime factors of (0 - 15)/(3/(-8)).
2, 5
Suppose -5*t - 3*n - 184 = 0, -t + 0*t - 46 = -4*n. Let i = t + 55. List the prime factors of i.
17
Let o(c) = c**2 + 5*c + 5. Let q be o(-4). Let v(u) = 16*u - 1. What are the prime factors of v(q)?
3, 5
Suppose 5*a + 3*s - 265 = 2*s, -3*s = -4*a + 212. List the prime factors of a.
53
Let r(f) = -f**3 - 3*f**2 - f - 1. Suppose -h = 2*h + 9. Let g be r(h). Suppose g*d = 3 + 1. What are the prime factors of d?
2
Suppose 0 = -3*v + 10 + 11. Let m(w) be the third derivative of w**4/24 + 4*w**3/3 + 2*w**2. What are the prime factors of m(v)?
3, 5
Let i(w) be the second derivative of -w**5/20 + 3*w**4/4 + 5*w**2 + 4*w. Let n = -13 + 22. What are the prime factors of i(n)?
2, 5
Suppose 5*c = c. Let j(l) = -l**2 + l + 11. What are the prime factors of j(c)?
11
Let z(p) be the second derivative of p**3/3 - 3*p**2 - 2*p. What are the prime factors of z(11)?
2
Suppose 0*s = -8*s + 800. List the prime factors of s.
2, 5
Let m = 210 + -145. List the prime factors of m.
5, 13
Let h(j) = j**3 - 5*j**2 - 15*j + 3. List the prime factors of h(8).
3, 5
Let d(f) = -f**3 - 2*f**2. Let h be d(-2). Let t = 6 + h. What are the prime factors of t?
2, 3
Let r(h) = 5*h - 15. List the prime factors of r(20).
5, 17
Let p = 32 + -64. What are the prime factors of p/(-24)*45/2?
2, 3, 5
Let d = -152 + 235. What are the prime factors of d?
83
Let f be (25 + -3)/(-1 - -2). Let i be (6 + (-2)/2)*3. Let t = f - i. List the prime factors of t.
7
Let q be (-2)/(-5) - 7/5. Let b(s) = 8*s**2. Let r be b(q). Suppose 0 = -2*i + r - 4. List the prime factors of i.
2
Let f(q) = -q + 2. What are the prime factors of f(-5)?
7
Let q be ((-2)/(-6))/(5/120). List the prime factors of 0 + (q - (1 - -1)).
2, 3
Let r(p) = p**2 + 5*p + 6. Let j be r(-4). Suppose -j*x - 5*s = -71, -2*s + 62 = 2*x - 0*s. Suppose -q + 5*q - x = 0. List the prime factors of q.
7
Let r(f) = f**2 + 1. Let s(g) = 5*g**2 + 5*g + 5. Let t(z) = 4*r(z) - s(z). What are the prime factors of t(-4)?
3
Let a(v) be the third derivative of v**6/120 + v**5/60 - 3*v**2. Let g be a(0). Suppose g = -b + 2*i + 2, -2*i + 0 = -4*b + 20. List the prime factors of b.
2, 3
Suppose -2*p + 6*p = 0. Suppose p = -0*m - 5*m + 80. List the prime factors of m.
2
Let k(r) = 3*r**2 + 1. Let x(z) = z**2 + z - 1. Let t(n) = k(n) + 2*x(n). What are the prime factors of t(-2)?
3, 5
Let h(m) = -m - 7. Let l be h(-9). Suppose 2*r = l*z + 2*z + 102, -r = 5*z - 51. Suppose r = 4*s - 5. List the prime factors of s.
2, 7
Let d(k) = -k**2 + 8*k + 10. Let w(h) = h + 3 + 8*h**2 + 0 - 4. Let i be w(1). List the prime factors of d(i).
2, 5
Let v = 81 - -18. List the prime factors of v.
3, 11
Suppose -2*o = -4*o + 8. Suppose -o*z + 42 = 5*y, 2*y + 5*z - 3*z - 18 = 0. Suppose -y = -a + 1. List the prime factors of a.
7
Let r = -50 - -67. What are the prime factors of r?
17
Let i(s) = s**3 - s**2 + 37. What are the prime factors of i(0)?
37
Let z = -121 + 200. What are the prime factors of z?
79
Suppose -12 = -7*v + 3*v. Suppose v*s - 39 = 6. Suppose 0 = -4*l + l + s. What are the prime factors of l?
5
Let l = -36 + 36. Suppose -50 = 2*d - 4*d - 4*k, -85 = -4*d - 5*k. Suppose -d = -3*c - l*c. List the prime factors of c.
5
Suppose n - 3*j = 35, -6*j + 114 = 2*n - j. What are the prime factors of n?
47
Let n = 49 - 26. List the prime factors of n.
23
Let y(z) = z**3 + 4*z**2 - 2*z - 2. Let t be y(-4). Let k = t - 0. Let w = k + -1. List the prime factors of w.
5
Let v(z) be the second derivative of z**4/12 - 5*z**3/3 - 3*z**2/2 - 4*z. List the prime factors of v(12).
3, 7
Let z be 106/8 + (-2)/8. Let n = z + -4. What are the prime factors of n?
3
Suppose z + z + 4 = 0. Let d(u) = 5*u**2 - u + 2. List the prime factors of d(z).
2, 3
Let i(d) = d**3 - 8*d**2 + 10*d - 9. What are the prime factors of i(7)?
2, 3
List the prime factors of 3/21 + (-732)/(-21).
5, 7
Suppose -3*y + 5 + 28 = 0. Suppose 2*l = 4*l. Let u = y - l. List the prime factors of u.
11
Let y(c) = c**2 - 10*c + 14. Let n be y(6). What are the prime factors of (-16)/40 - 464/n?
2, 23
Suppose 0 = -0*z + 5*z - 320. Suppose -2*w + w = -4. Suppose z = w*t + 12. List the prime factors of t.
13
Suppose 3*z = -0*m - 3*m - 72, -z - 64 = 3*m. Let j be (-2)/8 - 905/m. List the prime factors of ((-4)/5)/((-6)/j).
2, 3
Let o(u) = -6*u + u - 2 - u. Let n be o(3). List the prime factors of (-215)/n + 3/(-4).
2, 5
Let i = 9 + 57. What are the prime factors of i?
2, 3, 11
What are the prime factors of 3*(-816)/54*6/(-4)?
2, 17
Let m(y) = y**2 - 9*y - 13. Let c be m(10). Let p = c + 7. What are the prime factors of p?
2
Let r(i) = -i**3 + 4*i**2 + 7*i - 4. Let l be r(5). Let k(w) = 2*w - 8*w + w**2 - 4 + 2*w - 2. What are the prime factors of k(l)?
2, 3
Let r(m) = -m**3 + 7*m**2 + 3*m + 5. Suppose d = -3*u + 7, -d + u + 7 = -u. List the prime factors of r(d).
2, 13
Let t(n) = -n**2 - 12*n - 4. Let c(v) = 3*v**2 + 25*v + 7. Let q(l) = -2*c(l) - 5*t(l). Let j = -21 + 30. List the prime factors of q(j).
3, 5
Suppose 0 = -5*a + 19 + 11. Suppose 3*u = -3*t - u + 23, -a = -3*u. List the prime factors of t.
5
Let r(l) = -5*l**3 + 15*l**2 - 11*l + 1. Let x(j) = j**3 - 3*j**2 + 2*j. Let v(t) = 2*r(t) + 11*x(t). Let u be v(2). List the prime factors of 0 + 0 + (u - -5).
3
Suppose i - 5*i = -320. What are the prime factors of i?
2, 5
Let f be (10 + -1)*8/12. Suppose 2*i + 16 = f*i. Suppose 0 = -s + i. List the prime factors of s.
2
Let i(j) be the second derivative of j**3/3 - 9*j**2/2 - 4*j. Let m be (-7)/(-1)*(-60)/(-42). List the prime factors of i(m).
11
Let a(m) = m**2 + 7*m + 9. Let l be a(-6). Let i = 33 - l. List the prime factors of i.
2, 3, 5
Let a be 2*(1 + -2) - -2. Suppose 0*c - c + 12 = a. Let w = c - 5. What are the prime factors of w?
7
Suppose -9*r = -5*r - 668. What are the prime factors of r?
167
Let i = 2 - 5. Let w be i*1 - (-152)/8. Suppose -2*s = -0*s - w. What are the prime factors of s?
2
Suppose 5 = m - l, -3*m = -0*m - 5*l - 7. Suppose -u = k - 2*k + m, 0 = 3*u - 4*k + 32. List the prime factors of (11/u)/(2/(-8)).
11
Let i(s) = -5*s + 70. Let y be i(13). Suppose -k - 3*o = -6*k + 212, 2*o + 88 = 2*k. Suppose k + 30 = y*v. List the prime factors of v.
2, 7
Let q(r) = r**2 - 6*r - 3. Let i be q(6). Let b = 4 + i. List the prime factors of (99/3)/3*b.
11
Let z(i) = i**2 + 5*i - 2. List the prime factors of z(-7).
2, 3
List the prime factors of ((-20)/(-8))/((-4)/672*-3).
2, 5, 7
Let t(n) = -n**3 + 10*n**2 - 2*n + 4. List the prime factors of t(8).
2, 29
Let v(i) = 3*i**2 - 3*i. What are the prime factors of v(4)?
2, 3
Let r be -22*(14/(-4) + 3). Let p(v) = -v**2 + 12*v - 1. Let l be p(r). Let y = l + -8. What are the prime factors of y?
2
Suppose 5*x = 845 - 155. List the prime factors of x.
2, 3, 23
Let k = 7 + -2. Let l(y) = -y - 4. Let m be l(-7). Suppose -2*j + k*b + 51 = 0, 3*j - m*b - 28 = 2*j. What are the prime factors of j?
13
Suppose v + 5*r + 6 = 0, -4*r + r + 6 = 3*v. What are the prime factors of 113/4 - v/16?
2, 7
Suppose -13*r + 119 = -12*r. What are the prime factors of r?
7, 17
Suppose -5*u + 6*u = 20. List the prime factors of (4 + 0)*50/u.
2, 5
Let c(j) = 5*j**2 - j. Let f be c(1). Suppose 0 = 3*l - 5*q - 4, -f*l + 2*q = -2 - 8. What are the prime factors of l?
3
Let s = 245 + -171. What are the prime factors of s?
2, 37
Let n = 23 + -16. Let k = -4 + n. Suppose -k*m + 32 + 1 = 0. List the prime factors of m.
11
Let d = 5 - 1. What are the prime factors of d?
2
Suppose 0*k - 1 = -k + a, 5*k - 15 = -5*a. Let y = 4 - 4. Suppose 0 = -y*p + k*p - 12. List the prime factors of p.
2, 3
Let q(h) = -13*h.